{"id":73,"date":"2025-02-02T16:54:51","date_gmt":"2025-02-02T16:54:51","guid":{"rendered":"https:\/\/clubblackhorse.com\/web\/contact\/"},"modified":"2025-02-02T16:59:58","modified_gmt":"2025-02-02T16:59:58","slug":"contact","status":"publish","type":"page","link":"https:\/\/clubblackhorse.com\/web\/contact\/","title":{"rendered":"Contact"},"content":{"rendered":"\n<div class=\"wp-block-uagb-container uagb-block-5bc14608 alignfull uagb-is-root-container\"><div class=\"uagb-container-inner-blocks-wrap\">\n<div class=\"wp-block-uagb-advanced-heading uagb-block-d4e18cc4\"><h1 class=\"uagb-heading-text\">Cont\u00e1ctanos Hoy<\/h1><p class=\"uagb-desc-text\">Estamos aqu\u00ed para resolver tus dudas y consultas.<\/p><\/div>\n<\/div><\/div>\n\n\n\n<div class=\"wp-block-uagb-container uagb-block-69c18e0e alignfull uagb-is-root-container\"><div class=\"uagb-container-inner-blocks-wrap\">\n<div class=\"wp-block-uagb-info-box uagb-block-ae10819d uagb-infobox__content-wrap  uagb-infobox-icon-above-title uagb-infobox-image-valign-top wp-block-uagb-info-box--has-margin\"><div class=\"uagb-infobox-margin-wrapper\"><div class=\"uagb-ifb-content\"><div class=\"uagb-ifb-title-wrap\"><span class=\"uagb-ifb-title-prefix\">Con\u00e9ctate Con<\/span><h2 class=\"uagb-ifb-title\">D\u00e9janos Tus Comentarios y Preguntas<\/h2><\/div><p class=\"uagb-ifb-desc\">Tu opini\u00f3n es importante para nosotros.  \nCont\u00e1ctanos y te responderemos pronto.<\/p><\/div><\/div><\/div>\n\n\n\n<div class=\"wp-block-uagb-container uagb-layout-grid uagb-block-845e16d9\">\n<div class=\"wp-block-uagb-container uagb-block-06b31dbd\"><p>[sureforms id=&#8217;182&#8242;]<\/p>\n<\/div>\n\n\n\n<div class=\"wp-block-uagb-container uagb-block-c0be4254\"><\/div>\n<\/div>\n\n\n\n<div class=\"wp-block-uagb-container uagb-layout-flex uagb-block-8f0c12b6\">\n<div class=\"wp-block-uagb-container uagb-block-f89ee025\">\n<div class=\"wp-block-uagb-advanced-heading uagb-block-bfab1fb2\"><h3 class=\"uagb-heading-text\">N\u00famero de tel\u00e9fono<\/h3><p class=\"uagb-desc-text\">910086455<\/p><\/div>\n<\/div>\n\n\n\n<div class=\"wp-block-uagb-container uagb-block-bfd18e9c\">\n<div class=\"wp-block-uagb-advanced-heading uagb-block-5fcbdb29\"><h3 class=\"uagb-heading-text\">Direcci\u00f3n<\/h3><p class=\"uagb-desc-text\">PUNO\nContamos con dos locales:\n&#8211; Psje. Wendorff N\u00ba 226 &#8211; Entre el coliseo y el parque de las aguas &#8211; PUNO\n&#8211; Jr. Arequipa 845 &#8211; 2\u00ba piso cerca al Jr. Cajamarca\n\nJULIACA:\nJr. Benigno Ball\u00f3n 896 &#8211; 2\u00ba piso esquina con el Jr. Moquegua &#8211; esquina del C.C. T\u00daPAC<\/p><\/div>\n<\/div>\n\n\n\n<div class=\"wp-block-uagb-container uagb-block-e270b941\">\n<div class=\"wp-block-uagb-advanced-heading uagb-block-3402402f\"><h3 class=\"uagb-heading-text\">Nuestras redes sociales<\/h3><\/div>\n\n\n\n<div class=\"wp-block-uagb-icon-list uagb-block-33059768\"><div class=\"uagb-icon-list__wrap\">\n<div class=\"wp-block-uagb-icon-list-child uagb-block-4fcf53a7\"><a target=\"_self\" aria-label=\"List item\" rel=\"noopener noreferrer\" href=\"https:\/\/www.facebook.com\/ClubDeAjedrezBlackHorse\"> <\/a><span class=\"uagb-icon-list__source-wrap\"><svg xmlns=\"https:\/\/www.w3.org\/2000\/svg\" viewBox=\"0 0 512 512\"><path d=\"M504 256C504 119 393 8 256 8S8 119 8 256c0 123.8 90.69 226.4 209.3 245V327.7h-63V256h63v-54.64c0-62.15 37-96.48 93.67-96.48 27.14 0 55.52 4.84 55.52 4.84v61h-31.28c-30.8 0-40.41 19.12-40.41 38.73V256h68.78l-11 71.69h-57.78V501C413.3 482.4 504 379.8 504 256z\"><\/path><\/svg><\/span><\/div>\n\n\n\n<div class=\"wp-block-uagb-icon-list-child uagb-block-943b0a4d\"><a target=\"_self\" aria-label=\"List item\" rel=\"noopener noreferrer\" href=\"https:\/\/www.youtube.com\/@AjedrezBlackHorse\"> <\/a><span class=\"uagb-icon-list__source-wrap\"><svg xmlns=\"https:\/\/www.w3.org\/2000\/svg\" viewBox=\"0 0 576 512\"><path d=\"M549.7 124.1c-6.281-23.65-24.79-42.28-48.28-48.6C458.8 64 288 64 288 64S117.2 64 74.63 75.49c-23.5 6.322-42 24.95-48.28 48.6-11.41 42.87-11.41 132.3-11.41 132.3s0 89.44 11.41 132.3c6.281 23.65 24.79 41.5 48.28 47.82C117.2 448 288 448 288 448s170.8 0 213.4-11.49c23.5-6.321 42-24.17 48.28-47.82 11.41-42.87 11.41-132.3 11.41-132.3s0-89.44-11.41-132.3zm-317.5 213.5V175.2l142.7 81.21-142.7 81.2z\"><\/path><\/svg><\/span><\/div>\n\n\n\n\n\n\n<\/div><\/div>\n<\/div>\n<\/div>\n<\/div><\/div>\n\n\n\n<div class=\"wp-block-uagb-container uagb-block-ab978807 alignfull uagb-is-root-container\"><div class=\"uagb-container-inner-blocks-wrap\">\n<div class=\"wp-block-uagb-info-box uagb-block-77740f19 uagb-infobox__content-wrap  uagb-infobox-icon-above-title uagb-infobox-image-valign-top\"><div class=\"uagb-ifb-content\"><div class=\"uagb-ifb-title-wrap\"><span class=\"uagb-ifb-title-prefix\">\u00danete Ahora<\/span><h2 class=\"uagb-ifb-title\">Empieza tu viaje en el ajedrez hoy mismo.<\/h2><\/div><p class=\"uagb-ifb-desc\">Inscr\u00edbete y descubre el apasionante mundo del ajedrez con nosotros. \u00a1Te esperamos en el Club de Ajedrez BLACK HORSE!<\/p><div class=\"uagb-ifb-button-wrapper wp-block-button\"><a href=\"\/contact\" class=\"uagb-infobox-cta-link wp-block-button__link\" target=\"_self\" rel=\"noopener noreferrer\" onclick=\"return true;\"><span class=\"uagb-inline-editing\">\u00danete Ahora<\/span><\/a><\/div><\/div><\/div>\n<\/div><\/div>\n","protected":false},"excerpt":{"rendered":"<p>Cont\u00e1ctanos Hoy Estamos aqu\u00ed para resolver tus dudas y consultas. N\u00famero de tel\u00e9fono 910086455 Direcci\u00f3n PUNO Contamos con dos locales: [&hellip;]<\/p>\n","protected":false},"author":2,"featured_media":0,"parent":0,"menu_order":0,"comment_status":"closed","ping_status":"closed","template":"","meta":{"_uag_custom_page_level_css":"","site-sidebar-layout":"default","site-content-layout":"","ast-site-content-layout":"default","site-content-style":"default","site-sidebar-style":"default","ast-global-header-display":"","ast-banner-title-visibility":"","ast-main-header-display":"","ast-hfb-above-header-display":"","ast-hfb-below-header-display":"","ast-hfb-mobile-header-display":"","site-post-title":"disabled","ast-breadcrumbs-content":"","ast-featured-img":"","footer-sml-layout":"","ast-disable-related-posts":"","theme-transparent-header-meta":"enabled","adv-header-id-meta":"","stick-header-meta":"","header-above-stick-meta":"","header-main-stick-meta":"","header-below-stick-meta":"","astra-migrate-meta-layouts":"default","ast-page-background-enabled":"default","ast-page-background-meta":{"desktop":{"background-color":"var(--ast-global-color-4)","background-image":"","background-repeat":"repeat","background-position":"center center","background-size":"auto","background-attachment":"scroll","background-type":"","background-media":"","overlay-type":"","overlay-color":"","overlay-opacity":"","overlay-gradient":""},"tablet":{"background-color":"","background-image":"","background-repeat":"repeat","background-position":"center center","background-size":"auto","background-attachment":"scroll","background-type":"","background-media":"","overlay-type":"","overlay-color":"","overlay-opacity":"","overlay-gradient":""},"mobile":{"background-color":"","background-image":"","background-repeat":"repeat","background-position":"center center","background-size":"auto","background-attachment":"scroll","background-type":"","background-media":"","overlay-type":"","overlay-color":"","overlay-opacity":"","overlay-gradient":""}},"ast-content-background-meta":{"desktop":{"background-color":"var(--ast-global-color-5)","background-image":"","background-repeat":"repeat","background-position":"center center","background-size":"auto","background-attachment":"scroll","background-type":"","background-media":"","overlay-type":"","overlay-color":"","overlay-opacity":"","overlay-gradient":""},"tablet":{"background-color":"var(--ast-global-color-5)","background-image":"","background-repeat":"repeat","background-position":"center center","background-size":"auto","background-attachment":"scroll","background-type":"","background-media":"","overlay-type":"","overlay-color":"","overlay-opacity":"","overlay-gradient":""},"mobile":{"background-color":"var(--ast-global-color-5)","background-image":"","background-repeat":"repeat","background-position":"center center","background-size":"auto","background-attachment":"scroll","background-type":"","background-media":"","overlay-type":"","overlay-color":"","overlay-opacity":"","overlay-gradient":""}},"footnotes":""},"class_list":["post-73","page","type-page","status-publish","hentry"],"aioseo_notices":[],"uagb_featured_image_src":{"full":false,"thumbnail":false,"medium":false,"medium_large":false,"large":false,"1536x1536":false,"2048x2048":false},"uagb_author_info":{"display_name":"c1372265","author_link":"https:\/\/clubblackhorse.com\/web\/author\/c1372265\/"},"uagb_comment_info":0,"uagb_excerpt":"Cont\u00e1ctanos Hoy Estamos aqu\u00ed para resolver tus dudas y consultas. N\u00famero de tel\u00e9fono 910086455 Direcci\u00f3n PUNO Contamos con dos locales: [&hellip;]","_links":{"self":[{"href":"https:\/\/clubblackhorse.com\/web\/wp-json\/wp\/v2\/pages\/73","targetHints":{"allow":["GET"]}}],"collection":[{"href":"https:\/\/clubblackhorse.com\/web\/wp-json\/wp\/v2\/pages"}],"about":[{"href":"https:\/\/clubblackhorse.com\/web\/wp-json\/wp\/v2\/types\/page"}],"author":[{"embeddable":true,"href":"https:\/\/clubblackhorse.com\/web\/wp-json\/wp\/v2\/users\/2"}],"replies":[{"embeddable":true,"href":"https:\/\/clubblackhorse.com\/web\/wp-json\/wp\/v2\/comments?post=73"}],"version-history":[{"count":2,"href":"https:\/\/clubblackhorse.com\/web\/wp-json\/wp\/v2\/pages\/73\/revisions"}],"predecessor-version":[{"id":198,"href":"https:\/\/clubblackhorse.com\/web\/wp-json\/wp\/v2\/pages\/73\/revisions\/198"}],"wp:attachment":[{"href":"https:\/\/clubblackhorse.com\/web\/wp-json\/wp\/v2\/media?parent=73"}],"curies":[{"name":"wp","href":"https:\/\/api.w.org\/{rel}","templated":true}]}}